[INFO] fetching crate sequel 0.1.0...
[INFO] checking sequel-0.1.0 against master#cfbc6d4cf1acbac5c025acf8ed68929caa551df3 for pr-75494-beta
[INFO] extracting crate sequel 0.1.0 into /workspace/builds/worker-9/source
[INFO] validating manifest of crates.io crate sequel 0.1.0 on toolchain cfbc6d4cf1acbac5c025acf8ed68929caa551df3
[INFO] running `Command { std: "/workspace/cargo-home/bin/cargo" "+cfbc6d4cf1acbac5c025acf8ed68929caa551df3" "read-manifest" "--manifest-path" "Cargo.toml", kill_on_drop: false }`
[INFO] started tweaking crates.io crate sequel 0.1.0
[INFO] finished tweaking crates.io crate sequel 0.1.0
[INFO] tweaked toml for crates.io crate sequel 0.1.0 written to /workspace/builds/worker-9/source/Cargo.toml
[INFO] running `Command { std: "/workspace/cargo-home/bin/cargo" "+cfbc6d4cf1acbac5c025acf8ed68929caa551df3" "generate-lockfile" "--manifest-path" "Cargo.toml" "-Zno-index-update", kill_on_drop: false }`
[INFO] running `Command { std: "/workspace/cargo-home/bin/cargo" "+cfbc6d4cf1acbac5c025acf8ed68929caa551df3" "fetch" "--locked" "--manifest-path" "Cargo.toml", kill_on_drop: false }`
[INFO] [stderr]     Blocking waiting for file lock on package cache
[INFO] [stderr]  Downloading crates ...
[INFO] [stderr]   Downloaded uuid v0.3.1
[INFO] [stderr]   Downloaded fallible-iterator v0.1.6
[INFO] [stderr]   Downloaded postgres-protocol v0.2.2
[INFO] [stderr]   Downloaded phf_shared v0.7.20
[INFO] [stderr]   Downloaded phf v0.7.20
[INFO] [stderr]   Downloaded postgres v0.13.4
[INFO] running `Command { std: "docker" "create" "-v" "/var/lib/crater-agent-workspace/builds/worker-9/target:/opt/rustwide/target:rw,Z" "-v" "/var/lib/crater-agent-workspace/builds/worker-9/source:/opt/rustwide/workdir:ro,Z" "-v" "/var/lib/crater-agent-workspace/cargo-home:/opt/rustwide/cargo-home:ro,Z" "-v" "/var/lib/crater-agent-workspace/rustup-home:/opt/rustwide/rustup-home:ro,Z" "-e" "SOURCE_DIR=/opt/rustwide/workdir" "-e" "CARGO_TARGET_DIR=/opt/rustwide/target" "-e" "CARGO_HOME=/opt/rustwide/cargo-home" "-e" "RUSTUP_HOME=/opt/rustwide/rustup-home" "-w" "/opt/rustwide/workdir" "-m" "1610612736" "--user" "0:0" "--network" "none" "rustops/crates-build-env@sha256:a636fd89d022f18117e1dc8fb37a0a009933cdbbe082814857f0e2024962d47c" "/opt/rustwide/cargo-home/bin/cargo" "+cfbc6d4cf1acbac5c025acf8ed68929caa551df3" "metadata" "--no-deps" "--format-version=1", kill_on_drop: false }`
[INFO] [stdout] b6f49e13d929e7f7344e1331b0bd6930d8e440fffdadc390d7f47803701be5fc
[INFO] [stderr] WARNING: Your kernel does not support swap limit capabilities or the cgroup is not mounted. Memory limited without swap.
[INFO] running `Command { std: "docker" "start" "-a" "b6f49e13d929e7f7344e1331b0bd6930d8e440fffdadc390d7f47803701be5fc", kill_on_drop: false }`
[INFO] running `Command { std: "docker" "inspect" "b6f49e13d929e7f7344e1331b0bd6930d8e440fffdadc390d7f47803701be5fc", kill_on_drop: false }`
[INFO] running `Command { std: "docker" "rm" "-f" "b6f49e13d929e7f7344e1331b0bd6930d8e440fffdadc390d7f47803701be5fc", kill_on_drop: false }`
[INFO] [stdout] b6f49e13d929e7f7344e1331b0bd6930d8e440fffdadc390d7f47803701be5fc
[INFO] running `Command { std: "docker" "create" "-v" "/var/lib/crater-agent-workspace/builds/worker-9/target:/opt/rustwide/target:rw,Z" "-v" "/var/lib/crater-agent-workspace/builds/worker-9/source:/opt/rustwide/workdir:ro,Z" "-v" "/var/lib/crater-agent-workspace/cargo-home:/opt/rustwide/cargo-home:ro,Z" "-v" "/var/lib/crater-agent-workspace/rustup-home:/opt/rustwide/rustup-home:ro,Z" "-e" "SOURCE_DIR=/opt/rustwide/workdir" "-e" "CARGO_TARGET_DIR=/opt/rustwide/target" "-e" "CARGO_INCREMENTAL=0" "-e" "RUST_BACKTRACE=full" "-e" "RUSTFLAGS=--cap-lints=forbid" "-e" "CARGO_HOME=/opt/rustwide/cargo-home" "-e" "RUSTUP_HOME=/opt/rustwide/rustup-home" "-w" "/opt/rustwide/workdir" "-m" "1610612736" "--user" "0:0" "--network" "none" "rustops/crates-build-env@sha256:a636fd89d022f18117e1dc8fb37a0a009933cdbbe082814857f0e2024962d47c" "/opt/rustwide/cargo-home/bin/cargo" "+cfbc6d4cf1acbac5c025acf8ed68929caa551df3" "check" "--frozen" "--all" "--all-targets" "--message-format=json", kill_on_drop: false }`
[INFO] [stdout] 2f81be6903d57b080c3cb6f286fe1185afaf0739c581da93adb8b581e7f542c9
[INFO] [stderr] WARNING: Your kernel does not support swap limit capabilities or the cgroup is not mounted. Memory limited without swap.
[INFO] running `Command { std: "docker" "start" "-a" "2f81be6903d57b080c3cb6f286fe1185afaf0739c581da93adb8b581e7f542c9", kill_on_drop: false }`
[INFO] [stderr]    Compiling version_check v0.9.2
[INFO] [stderr]    Compiling syn v1.0.39
[INFO] [stderr]    Compiling proc-macro-hack v0.5.18
[INFO] [stderr]     Checking md5 v0.3.8
[INFO] [stderr]     Checking fallible-iterator v0.1.6
[INFO] [stderr]     Checking phf_shared v0.7.20
[INFO] [stderr]     Checking rustc-serialize v0.3.24
[INFO] [stderr]     Checking hex v0.2.0
[INFO] [stderr]     Checking uuid v0.3.1
[INFO] [stderr]     Checking bufstream v0.1.4
[INFO] [stderr]     Checking uuid v0.8.1
[INFO] [stderr]     Checking memchr v1.0.2
[INFO] [stderr]     Checking time v0.1.43
[INFO] [stderr]     Checking phf v0.7.20
[INFO] [stderr]     Checking postgres-protocol v0.2.2
[INFO] [stderr]    Compiling standback v0.2.9
[INFO] [stderr]    Compiling time v0.2.16
[INFO] [stderr]     Checking postgres v0.13.4
[INFO] [stdout] error[E0428]: the name `_CHECK` is defined multiple times
[INFO] [stdout]   --> /opt/rustwide/cargo-home/registry/src/github.com-1ecc6299db9ec823/postgres-0.13.4/src/feature_check.rs:23:1
[INFO] [stdout]    |
[INFO] [stdout] 14 | const _CHECK: RustcSerializeFeatureRenamedSeeDocs = ();
[INFO] [stdout]    | ------------------------------------------------------- previous definition of the value `_CHECK` here
[INFO] [stdout] ...
[INFO] [stdout] 23 | const _CHECK: TimeFeatureRenamedSeeDocs = ();
[INFO] [stdout]    | ^^^^^^^^^^^^^^^^^^^^^^^^^^^^^^^^^^^^^^^^^^^^^ `_CHECK` redefined here
[INFO] [stdout]    |
[INFO] [stdout]    = note: `_CHECK` must be defined only once in the value namespace of this module
[INFO] [stdout] 
[INFO] [stdout] 
[INFO] [stdout] error[E0428]: the name `_CHECK` is defined multiple times
[INFO] [stdout]   --> /opt/rustwide/cargo-home/registry/src/github.com-1ecc6299db9ec823/postgres-0.13.4/src/feature_check.rs:29:1
[INFO] [stdout]    |
[INFO] [stdout] 14 | const _CHECK: RustcSerializeFeatureRenamedSeeDocs = ();
[INFO] [stdout]    | ------------------------------------------------------- previous definition of the value `_CHECK` here
[INFO] [stdout] ...
[INFO] [stdout] 29 | const _CHECK: UuidFeatureRenamedSeeDocs = ();
[INFO] [stdout]    | ^^^^^^^^^^^^^^^^^^^^^^^^^^^^^^^^^^^^^^^^^^^^^ `_CHECK` redefined here
[INFO] [stdout]    |
[INFO] [stdout]    = note: `_CHECK` must be defined only once in the value namespace of this module
[INFO] [stdout] 
[INFO] [stdout] 
[INFO] [stdout] error[E0412]: cannot find type `RustcSerializeFeatureRenamedSeeDocs` in this scope
[INFO] [stdout]   --> /opt/rustwide/cargo-home/registry/src/github.com-1ecc6299db9ec823/postgres-0.13.4/src/feature_check.rs:14:15
[INFO] [stdout]    |
[INFO] [stdout] 14 | const _CHECK: RustcSerializeFeatureRenamedSeeDocs = ();
[INFO] [stdout]    |               ^^^^^^^^^^^^^^^^^^^^^^^^^^^^^^^^^^^ not found in this scope
[INFO] [stdout] 
[INFO] [stdout] 
[INFO] [stdout] error[E0412]: cannot find type `TimeFeatureRenamedSeeDocs` in this scope
[INFO] [stdout]   --> /opt/rustwide/cargo-home/registry/src/github.com-1ecc6299db9ec823/postgres-0.13.4/src/feature_check.rs:23:15
[INFO] [stdout]    |
[INFO] [stdout] 23 | const _CHECK: TimeFeatureRenamedSeeDocs = ();
[INFO] [stdout]    |               ^^^^^^^^^^^^^^^^^^^^^^^^^ not found in this scope
[INFO] [stdout] 
[INFO] [stdout] 
[INFO] [stdout] error[E0412]: cannot find type `UuidFeatureRenamedSeeDocs` in this scope
[INFO] [stdout]   --> /opt/rustwide/cargo-home/registry/src/github.com-1ecc6299db9ec823/postgres-0.13.4/src/feature_check.rs:29:15
[INFO] [stdout]    |
[INFO] [stdout] 29 | const _CHECK: UuidFeatureRenamedSeeDocs = ();
[INFO] [stdout]    |               ^^^^^^^^^^^^^^^^^^^^^^^^^ not found in this scope
[INFO] [stdout] 
[INFO] [stdout] 
[INFO] [stdout] error: aborting due to 5 previous errors
[INFO] [stdout] 
[INFO] [stdout] 
[INFO] [stdout] Some errors have detailed explanations: E0412, E0428.
[INFO] [stdout] 
[INFO] [stdout] For more information about an error, try `rustc --explain E0412`.
[INFO] [stdout] 
[INFO] [stderr] error: could not compile `postgres`.
[INFO] [stderr] 
[INFO] [stderr] To learn more, run the command again with --verbose.
[INFO] [stderr] warning: build failed, waiting for other jobs to finish...
[INFO] [stderr] error: build failed
[INFO] running `Command { std: "docker" "inspect" "2f81be6903d57b080c3cb6f286fe1185afaf0739c581da93adb8b581e7f542c9", kill_on_drop: false }`
[INFO] running `Command { std: "docker" "rm" "-f" "2f81be6903d57b080c3cb6f286fe1185afaf0739c581da93adb8b581e7f542c9", kill_on_drop: false }`
[INFO] [stdout] 2f81be6903d57b080c3cb6f286fe1185afaf0739c581da93adb8b581e7f542c9
